3 + 12*t**2 + 18*t + 33. What is the units digit of j(-10)?
3
Let g = 0 - 3. Let y(n) = n**3 + 4*n**2 + n - 4. What is the units digit of y(g)?
2
Let h = -6 - -4. Let m = -1 + h. Let a = m + 5. What is the units digit of a?
2
Let t(m) = 2*m**3 - 8*m**2 + 4*m - 20. What is the hundreds digit of t(6)?
1
Let q = 188 + -49. What is the hundreds digit of q?
1
Let w be (0 + -10)*(-5)/(-2). Suppose -4*k + 2*l = 46, 4*k - l = 2*l - 47. Let j = k - w. What is the tens digit of j?
1
Suppose 0 = -3*w + 15, -2*d + 74 + 209 = -w. What is the units digit of d?
4
Let z(u) = 3*u**2 - 10*u + 6. Suppose 3*o - o + 6 = 0. Let v(a) = a**2 - 3*a + 2. Let n(w) = o*z(w) + 8*v(w). What is the units digit of n(4)?
6
Suppose 0 = -6*k + 2*k - 4*p + 112, 3*k - 86 = -4*p. Suppose 0 = -5*u - d - d + k, -4*u + d = -26. What is the units digit of (u - 6) + (-12)/(-1)?
2
Let u(a) = a**3 + 10*a**2 + 5. Let f be -8*(-3 - (-51)/12). What is the units digit of u(f)?
5
Let m(f) = f**3 - 15*f**2 + 15*f + 9. What is the tens digit of m(14)?
2
Suppose -4*i + 16 = -2*n, 3*n = -3*i - 0*n - 6. Suppose -2*f - i*k - 6 = -14, 3*f - k = 0. What is the units digit of 2/((f/1)/3)?
6
Let s(y) = -3*y + 50. What is the units digit of s(-12)?
6
What is the tens digit of 3 + 1 + (-633)/12*-4?
1
Suppose 2*d - d - 127 = 5*n, -4*d + 416 = 3*n. What is the hundreds digit of d?
1
Let j = 18 + -13. Suppose 0*u - 5*u + 122 = -g, -u + 14 = j*g. Suppose 0 = z + z - u. What is the tens digit of z?
1
Suppose -y + 9 = 2*y. What is the units digit of (6/(-2))/y*-5?
5
Suppose -2*y + 318 = y. What is the tens digit of y?
0
Suppose -4*v = -3*z - 13, 5*v - 5 = 4*z + 11. Let l = v - -3. What is the units digit of l?
7
Let d be 50/20*(-16)/(-10). Suppose 0 = 9*c - d*c - 250. What is the units digit of c?
0
Suppose p + 4*k = -4*p + 79, 2*p - k - 42 = 0. What is the tens digit of p?
1
Suppose u + 0*u = 0. Let y = 18 - u. Suppose 0 = 4*k - k - y. What is the units digit of k?
6
Let b = -4 + 5. Suppose 34 - 3 = 5*k - 2*o, -2*o = k + b. What is the units digit of k?
5
Let g(m) = -m**2 + 26. What is the units digit of g(0)?
6
Let a be 65/10*(3 + 7). What is the tens digit of (1 + a)/(7 - 5)?
3
Let w = 34 - 9. What is the units digit of w?
5
Let o(x) = x - 6. Let l be o(5). Let f be -1*4*l + -1. Suppose -f*z = 2 - 5. What is the units digit of z?
1
Suppose -4*v = -6*v + 2. Let t(f) = -5*f**3 - f**2 - 2*f - 1. Let m be t(-1). Suppose -m = -4*j - v. What is the units digit of j?
1
Let q = -8 - -14. Let g = -4 + q. What is the units digit of g?
2
What is the units digit of (-473)/(-11)*-4*(-2)/4?
6
Let g(o) = o**2 + 7*o - 5. Let y be g(-8). Suppose w - 6 = -y. Suppose 4 = w*i + 2*h - 2, 9 = -3*h. What is the units digit of i?
4
Let m(w) = 24*w - 16. What is the units digit of m(6)?
8
Let b(c) = c**3 - 6*c**2 + 8*c + 8. Let y be b(7). Suppose -3*h - 2*p + y = -p, -189 = -5*h - 2*p. What is the units digit of h?
7
Let g be 10/(-25)*-1*5. Suppose 0 = -g*k - 0*k - 2. What is the units digit of 5 + (4 - (1 - k))?
7
Let t(q) = 2 - 4*q + 1 + q**2 + 5*q. What is the units digit of t(-3)?
9
Suppose -4*s - 5*x = -18, 0*s + x + 6 = 4*s. What is the units digit of ((-1)/4)/(s/(-8))?
1
Suppose 3*v + 3*i + 7 = 1, 3*i + 12 = 0. Suppose v*q - 30 = 7*q - 2*n, q + 18 = -2*n. Let m = -5 - q. What is the units digit of m?
3
Let r(k) = k**2 + 2*k - 13. Let m be r(-6). What is the tens digit of m - ((5 - 3) + -3)?
1
Suppose 3*w - 2*p - 44 = 2*p, 4*p - 36 = -w. What is the units digit of w?
0
Suppose -4*o + 28 + 116 = 0. What is the units digit of o?
6
Let d(t) = 220*t**3 - t**2 + 2*t - 1. What is the tens digit of d(1)?
2
Let g be 6/(-21) + (-6)/(-21). Let m = 5 - g. What is the units digit of m?
5
Let h(z) = 2*z**2 + 4*z - 1. Let i be h(-3). Suppose f - 5*k = 8, 18 = -i*f - 0*k - 4*k. Let l = 3 + f. What is the units digit of l?
1
Suppose 3*s = 2*j + 14, -5*j - 31 = -s - 9. Let v(u) be the first derivative of -u**3/3 - 5*u**2/2 - 1. What is the units digit of v(j)?
4
Suppose 0*a + a = 5*x + 24, 0 = -a - 3*x. Let g = a + -2. What is the units digit of g?
7
Suppose 0 = -3*y - 9, 3*k - 2*y = 8*k - 9. Suppose 6 = -5*g + k*g. What is the tens digit of g*(-2 - (-39)/(-9))?
1
Let z(q) = 29*q + 17. What is the hundreds digit of z(4)?
1
Let x(u) = -2*u + 6. Let j be x(-6). Suppose -v = 2*v - j. Suppose v*q = q + 10. What is the units digit of q?
2
Suppose -4*k = -4, b + 4*k - k - 6 = 0. What is the units digit of b?
3
Let y(l) = -l**2 + l - 2. Let m be y(3). Let t = m - -12. What is the units digit of t?
4
Let t(c) = c**2 + 3*c - 6. Let f = 2 + -7. What is the units digit of t(f)?
4
Let k(p) = -3*p + 8. Let c be k(-7). Let y = c + -14. What is the units digit of y?
5
Let c(s) = s**2 + 8*s + 8. Let k be c(-7). Suppose 5*n - k - 29 = 0. What is the units digit of n?
6
Let m be (-254)/(-8) - 1/(-4). Suppose -5*d + 0*d - m = -3*n, -5*d = -2*n + 33. What is the units digit of ((-6)/d)/((-2)/(-14))?
6
Let m = -2 + 1. Let g be (m - -2) + (1 - -2). Suppose x - g*x = c - 19, -2*x + 5*c = -24. What is the units digit of x?
7
Let a(d) = d**2 + 5*d + 3. Let f be a(-5). Let i be (4 - 4)*(-2)/(-4). Suppose i = -4*b + f + 9. What is the units digit of b?
3
Suppose 0 = 4*n - 3*l + 16 - 179, 2*n = 4*l + 94. What is the units digit of n?
7
Let z(b) = 3*b**3 - b**2 - 2*b - 1. Let v be z(-1). Let s = 1 + v. What is the units digit of 2 + 3 - s*1?
7
What is the tens digit of 4/2 + (40 - 4)?
3
Let s be 2/(-8) + (-51)/(-12). What is the units digit of s/10 + 69/15?
5
Let d = 0 - 2. Let r = d - -5. Suppose 3*f = 3*v + f - 12, 2*v - r*f = 13. What is the units digit of v?
2
Let y(z) = -z**3 + z**2 + 7*z - 5. What is the hundreds digit of y(-6)?
2
Suppose -16 = -4*v + j, -j = -4*v + 2*j + 8. Suppose o = v + 7. What is the units digit of o?
2
Suppose -5*f - 4*o + 17 = 0, -3*f - 2*f + 35 = -5*o. Suppose -70 - 15 = -5*h - f*p, 4*h + p = 62. What is the units digit of h?
5
Suppose -4 = 4*r + 3*o, 7*o - 2*o = -5*r - 10. What is the units digit of r?
2
Let v(w) = -6*w**2 + 7. Let l be v(4). Let o = l - -130. What is the tens digit of o?
4
Let b = -11 + 49. Let v = -21 + b. What is the units digit of v?
7
What is the tens digit of (10/4 - 1)*354/3?
7
Suppose -2*f = 3*f + 5*g - 445, 2*f - 172 = 4*g. Suppose -3*i - i + f = 0. What is the tens digit of i?
2
Suppose o = -8 + 2. What is the units digit of (0 + o)/(6/(-16))?
6
Suppose -4*z + 2*z - 3*t = -16, 12 = 4*z - 4*t. Suppose 5 = -z*r - 2*s, -s = -r + s + 11. Suppose 2*x = 4*g + 14, r + 6 = 4*x - g. What is the units digit of x?
1
Let b(j) = -7 + 5*j**2 + 7. Let k be b(-1). Let n(c) = -c**3 + 5*c**2 + c - 1. What is the units digit of n(k)?
4
Let z = -8 - -5. Let i be (-1 - z)/((-2)/(-4)). Suppose 3*d = -9, -d - i*d = -3*u + 33. What is the units digit of u?
6
Suppose 0 = -0*u - 3*u + 9. What is the units digit of (4/(-6))/((-1)/u)?
2
Let o = 0 + 0. Suppose 4*x - 3*x = o. Suppose -3*j + 2 = -3*d - 10, x = -2*j + d + 11. What is the units digit of j?
7
Let j(z) = z**3 + 4*z**2 + 2*z - 3. What is the units digit of j(4)?
3
Let a = 14 + -9. Suppose -5*h - 4*o = -o + 14, 4*h = -a*o - 6. Let b = -2 - h. What is the units digit of b?
2
Let z be (-3 - -4)/((-2)/22). Suppose -15 = -5*c, -3*g + 4*g - c - 16 = 0. Let r = g + z. What is the units digit of r?
8
Suppose 3*g = 5*d - 613, -d - 129 = -2*d - g. Suppose -2*j + d = 3*s, -s - 160 = -5*s + 4*j. What is the units digit of s?
1
Suppose -5*c + p + 806 = 0, -5*c + 0*p + 826 = 4*p. What is the units digit of c?
2
Let q = 39 + -37. What is the units digit of q?
2
What is the units digit of 2 + 2 - (8*48)/(-4)?
0
Suppose 216 = 5*a + 2*q - 680, -a + 163 = -5*q. What is the hundreds digit of a?
1
Suppose d = 6*d + 4*x - 845, 5*x = 25. What is the units digit of d?
5
Let i(y) = y**2 - 10*y + 2. Let a be 13 + 6/(-5 + 3). What is the units digit of i(a)?
2
Suppose 0 = -0*v + v + 2*g + 7, -g - 5 = 0. Let a be 1/(1/39*v). Suppose 0 = -3*j + y + 33, 0 = j + y - 2*y - a. What is the units digit of j?
0
Suppose 1350 = 6*b + 138. What is the units digit of b?
2
What is the units digit of (0 - -4)/((-1)/(-8))?
2
What is the units digit of (-15)/(-20) - (58/(-8) + -1)?
9
Let b(v) = v. Let u be b(-8). What is the units digit of ((-4)/3)/(u/36)?
6
Let s = -47 + 156. What is the tens digit of s?
0
Let t(v) be 